late the remainder when 1401 is divided by 288.
249
Calculate the remainder when 346750 is divided by 115563.
61
Calculate the remainder when 1631 is divided by 93.
50
What is the remainder when 1020603 is divided by 211?
207
What is the remainder when 871 is divided by 107?
15
Calculate the remainder when 9939 is divided by 42.
27
What is the remainder when 2498 is divided by 252?
230
What is the remainder when 48479 is divided by 746?
735
What is the remainder when 55560 is divided by 27?
21
Calculate the remainder when 29595 is divided by 7294.
419
What is the remainder when 32108 is divided by 18?
14
What is the remainder when 559394 is divided by 169?
4
What is the remainder when 7462 is divided by 1242?
10
Calculate the remainder when 177 is divided by 1.
0
Calculate the remainder when 311022 is divided by 82.
78
What is the remainder when 7690 is divided by 68?
6
Calculate the remainder when 1358343 is divided by 726.
723
Calculate the remainder when 6571 is divided by 20.
11
What is the remainder when 82180 is divided by 2058?
1918
Calculate the remainder when 24539 is divided by 101.
97
Calculate the remainder when 313220 is divided by 952.
12
What is the remainder when 3748 is divided by 429?
316
Calculate the remainder when 983 is divided by 223.
91
Calculate the remainder when 103638 is divided by 8.
6
What is the remainder when 41867 is divided by 5201?
259
What is the remainder when 16554 is divided by 8272?
10
Calculate the remainder when 3515 is divided by 10.
5
Calculate the remainder when 11077 is divided by 301.
241
What is the remainder when 110943 is divided by 55420?
103
What is the remainder when 135724 is divided by 67841?
42
What is the remainder when 30371 is divided by 15181?
9
What is the remainder when 42767 is divided by 10?
7
What is the remainder when 93528 is divided by 316?
308
What is the remainder when 1279 is divided by 420?
19
Calculate the remainder when 5509 is divided by 86.
5
Calculate the remainder when 12928 is divided by 184.
48
Calculate the remainder when 5741 is divided by 140.
1
What is the remainder when 1557 is divided by 7?
3
What is the remainder when 921 is divided by 76?
9
What is the remainder when 43801 is divided by 150?
1
Calculate the remainder when 23558 is divided by 906.
2
What is the remainder when 1587 is divided by 29?
21
Calculate the remainder when 23921 is divided by 47.
45
What is the remainder when 237119 is divided by 79039?
2
What is the remainder when 208820 is divided by 118?
78
What is the remainder when 20701 is divided by 141?
115
What is the remainder when 4492543 is divided by 23?
22
Calculate the remainder when 1211 is divided by 307.
290
Calculate the remainder when 1116 is divided by 178.
48
Calculate the remainder when 59388 is divided by 11875.
13
What is the remainder when 117819 is divided by 3?
0
Calculate the remainder when 762 is divided by 116.
66
Calculate the remainder when 10387 is divided by 4.
3
Calculate the remainder when 26515 is divided by 178.
171
What is the remainder when 27186 is divided by 555?
546
What is the remainder when 9835 is divided by 2425?
135
What is the remainder when 98578 is divided by 644?
46
Calculate the remainder when 79654 is divided by 1207.
1199
What is the remainder when 41200 is divided by 92?
76
What is the remainder when 18684 is divided by 334?
314
Calculate the remainder when 1131265 is divided by 277.
274
What is the remainder when 176454 is divided by 131?
128
Calculate the remainder when 17942 is divided by 29.
20
Calculate the remainder when 2396 is divided by 538.
244
What is the remainder when 108739 is divided by 18?
1
Calculate the remainder when 638143 is divided by 489.
487
What is the remainder when 2586 is divided by 13?
12
What is the remainder when 4177 is divided by 161?
152
Calculate the remainder when 2147 is divided by 1055.
37
What is the remainder when 7644 is divided by 1772?
556
Calculate the remainder when 247443 is divided by 22494.
9
What is the remainder when 30849 is divided by 10279?
12
What is the remainder when 43271 is divided by 78?
59
What is the remainder when 11631 is divided by 38?
3
Calculate the remainder when 102893 is divided by 27.
23
Calculate the remainder when 999 is divided by 123.
15
What is the remainder when 8310 is divided by 38?
26
Calculate the remainder when 24184 is divided by 89.
65
Calculate the remainder when 1151699 is divided by 7.
3
What is the remainder when 9818 is divided by 91?
81
Calculate the remainder when 22601 is divided by 293.
40
What is the remainder when 87076 is divided by 13?
2
What is the remainder when 53661 is divided by 267?
261
Calculate the remainder when 558 is divided by 473.
85
What is the remainder when 138752 is divided by 373?
369
Calculate the remainder when 4235 is divided by 29.
1
Calculate the remainder when 338151 is divided by 10.
1
What is the remainder when 35279 is divided by 35246?
33
What is the remainder when 5083 is divided by 2534?
15
Calculate the remainder when 4221 is divided by 51.
39
What is the remainder when 71345 is divided by 35670?
5
Calculate the remainder when 32486 is divided by 294.
146
What is the remainder when 937 is divided by 229?
21
What is the remainder when 2387 is divided by 2360?
27
What is the remainder when 4955 is divided by 160?
155
What is the remainder when 141630 is divided by 37?
31
Calculate the remainder when 2336 is divided by 57.
56
Calculate the remainder when 34961 is divided by 24.
17
What is the remainder when 3677 is divided by 732?
17
What is the remainder when 272191 is divided by 58?
55
Calculate the remainder when 36075 is divided by 1274.
403
What is the remainder when 2386 is divided by 595?
6
What is the remainder when 12778 is divided by 929?
701
Calculate the remainder when 261072 is divided by 1419.
1395
What is the remainder when 1106 is divided by 100?
6
Calculate the remainder when 111670 is divided by 108.
106
Calculate the remainder when 3994608 is divided by 265.
263
Calculate the remainder when 3073 is divided by 39.
31
What is the remainder when 16507 is divided by 65?
62
Calculate the remainder when 1181705 is divided by 214.
211
What is the remainder when 704 is divided by 90?
74
What is the remainder when 3110 is divided by 20?
10
What is the remainder when 44658 is divided by 7?
5
Calculate the remainder when 2958668 is divided by 31.
28
What is the remainder when 6522 is divided by 1087?
0
What is the remainder when 20724 is divided by 10341?
42
What is the remainder when 45580 is divided by 109?
18
What is the remainder when 1275 is divided by 438?
399
Calculate the remainder when 7281 is divided by 1805.
61
Calculate the remainder when 83886 is divided by 3495.
6
What is the remainder when 45726 is divided by 17?
13
Calculate the remainder when 78172 is divided by 39063.
46
Calculate the remainder when 1623954 is divided by 1039.
1036
Calculate the remainder when 6285 is divided by 1047.
3
Calculate the remainder when 26369 is divided by 38.
35
What is the remainder when 1867 is divided by 1561?
306
Calculate the remainder when 34964 is divided by 17478.
8
What is the remainder when 10839 is divided by 2707?
11
What is the remainder when 2037 is divided by 372?
177
Calculate the remainder when 3259 is divided by 2274.
985
Calculate the remainder when 5313 is divided by 112.
49
Calculate the remainder when 4717 is divided by 2343.
31
What is the remainder when 38558 is divided by 38537?
21
What is the remainder when 3667 is divided by 1583?
501
Calculate the remainder when 3829 is divided by 157.
61
What is the remainder when 66248 is divided by 33118?
12
Calculate the remainder when 13545 is divided by 410.
15
What is the remainder when 201901 is divided by 93?
91
What is the remainder when 353791 is divided by 512?
511
What is the remainder when 489198 is divided by 214?
208
Calculate the remainder when 29772 is divided by 372.
12
Calculate the remainder when 138321 is divided by 151.
5
Calculate the remainder when 17849 is divided by 95.
84
Calculate the remainder when 18223 is divided by 559.
335
What is the remainder when 571366 is divided by 152?
150
What is the remainder when 80673 is divided by 108?
105
Calculate the remainder when 684615 